 3605805311 a composite number?
True
Is 46228266259 a composite number?
True
Is 152478659 composite?
True
Is 1559579017 composite?
True
Is 27100802387 prime?
False
Is 6480563081 a prime number?
False
Is 399146819 a composite number?
False
Is 228734549 composite?
False
Is 16517669921 a prime number?
True
Is 5144405603 a composite number?
False
Is 484992857 a prime number?
True
Is 36612733 a prime number?
True
Is 769803787 a prime number?
True
Is 10484059507 composite?
True
Is 37230991233 composite?
True
Is 209516771 a composite number?
True
Is 10112187607 prime?
True
Is 45789780809 composite?
False
Is 33955561 a prime number?
True
Is 1375152347 a composite number?
False
Is 337564391 a prime number?
True
Is 551904569 a prime number?
False
Is 5319145781 a prime number?
False
Is 138794207 a composite number?
False
Is 32284340947 composite?
True
Is 13095823751 composite?
True
Is 610858889 a prime number?
False
Is 7241726993 a composite number?
True
Is 16101962803 prime?
True
Is 318087083 composite?
False
Is 43047068657 composite?
False
Is 9478522657 composite?
False
Is 609109597 a prime number?
True
Is 2594829661 a composite number?
False
Is 721470523 a composite number?
True
Is 50163901889 a composite number?
False
Is 303446963 prime?
True
Is 6329593513 a prime number?
False
Is 220586591 prime?
False
Is 36380398573 a composite number?
False
Is 458469367 composite?
False
Is 92623770753 a prime number?
False
Is 17368260781 a prime number?
True
Is 1720776637 a prime number?
True
Is 12291313739 a composite number?
False
Is 5866716665 a composite number?
True
Is 123453769 composite?
True
Is 770571013 composite?
False
Is 947717467 composite?
False
Is 1264340563 a prime number?
True
Is 2459281393 composite?
True
Is 3263238317 composite?
False
Is 43343943637 prime?
False
Is 29066488835 a prime number?
False
Is 3377423113 a prime number?
True
Is 8346251149 a composite number?
True
Is 2512744301 prime?
True
Is 7387647029 a prime number?
False
Is 1261306919 prime?
True
Is 19275493 prime?
True
Is 10562457201 a prime number?
False
Is 1159084231 prime?
True
Is 216624576901 composite?
True
Is 8835119714 composite?
True
Is 244844797 a composite number?
True
Is 7704662171 prime?
False
Is 226001231 a composite number?
True
Is 13762433 composite?
False
Is 18746258873 a composite number?
False
Is 1403564867 composite?
False
Is 345683861 a composite number?
True
Is 1473548831 prime?
False
Is 821407991 a prime number?
True
Is 3937867841 a composite number?
True
Is 2048799527 a composite number?
False
Is 2172274927 a composite number?
False
Is 8577069437 composite?
False
Is 55943273 prime?
False
Is 1776075461 a prime number?
True
Is 2658890123 composite?
True
Is 2296222847 composite?
False
Is 3160452257 a composite number?
False
Is 2184822781 a prime number?
True
Is 185170247 prime?
True
Is 73102826554 a prime number?
False
Is 2295534079 prime?
True
Is 1026852289 prime?
True
Is 1021335569 prime?
True
Is 5477530031 a composite number?
False
Is 875140989 a prime number?
False
Is 9242639983 a prime number?
True
Is 17334660341 a prime number?
True
Is 2187634619 a composite number?
False
Is 262964937 composite?
True
Is 1708022237 a composite number?
True
Is 1387011809 a prime number?
False
Is 1744622983 a prime number?
False
Is 701612231 prime?
True
Is 8955385643 a composite number?
True
Is 3079750885 a composite number?
True
Is 4231247023 a composite number?
True
Is 4583056627 a composite number?
False
Is 644383541 composite?
False
Is 1399760521 a composite number?
False
Is 811855669 prime?
True
Is 1097086303 composite?
False
Is 8057281891 a prime number?
False
Is 31895399 a composite number?
False
Is 15279403 a composite number?
False
Is 54390643 a prime number?
True
Is 32001055547 prime?
True
Is 6044710531 a composite number?
False
Is 214689349561 prime?
False
Is 29753826763 composite?
False
Is 7123727981 composite?
False
Is 7619971609 a composite number?
False
Is 27424854827 a prime number?
True
Is 1760924467 prime?
True
Is 11341313023 prime?
False
Is 30116855611 a composite number?
False
Is 121049263 a composite number?
False
Is 68807273999 composite?
False
Is 2256843499 composite?
False
Is 75550753 a prime number?
True
Is 9724658747 prime?
True
Is 5689968605 a composite number?
True
Is 22204071847 prime?
True
Is 655752113 a composite number?
True
Is 24092695217 prime?
False
Is 4800234617 a prime number?
False
Is 574360763 a prime number?
True
Is 557210657 composite?
False
Is 3449744327 a prime number?
True
Is 20529281911 a composite number?
True
Is 27473953427 a prime number?
False
Is 6002301 prime?
False
Is 1439918437 a prime number?
True
Is 14228282279 a prime number?
True
Is 1849158217 a composite number?
True
Is 54475357 composite?
False
Is 559217602 a prime number?
False
Is 187826773 a prime number?
True
Is 1707843191 composite?
False
Is 9689331251 a prime number?
False
Is 396964469 composite?
True
Is 2976234733 prime?
True
Is 301842677 composite?
False
Is 579690539 composite?
True
Is 2242938239 a prime number?
False
Is 28997187977 a composite number?
False
Is 5160075083 composite?
True
Is 4309063113 a prime number?
False
Is 2274159941 prime?
False
Is 112804745453 a prime number?
True
Is 774311887 a composite number?
True
Is 388516301 prime?
True
Is 254796317 prime?
True
Is 924360337 a prime number?
True
Is 16391937017 a prime number?
True
Is 14567593649 a prime number?
False
Is 4894944259 composite?
True
Is 318690170767 a composite number?
False
Is 659525329 composite?
True
Is 1282811741 a prime number?
False
Is 163904009 prime?
True
Is 5109190577 composite?
True
Is 40959202043 a composite number?
False
Is 123824739973 prime?
False
Is 330377939 a prime number?
False
Is 6739918385 composite?
True
Is 13598605663 a prime number?
False
Is 3262160177 a prime number?
False
Is 5112113921 prime?
True
Is 14263610609 a prime number?
False
Is 3180574367 a prime number?
True
Is 89953501558 a composite number?
True
Is 6260095561 composite?
False
Is 19326441943 a prime number?
True
Is 1326009977 a composite number?
True
Is 736921651 composite?
True
Is 8713651207 composite?
False
Is 1952357051 a prime number?
True
Is 1879384895 a composite number?
True
Is 8487839411 prime?
True
Is 642905401 a prime number?
False
Is 38616630067 a prime number?
False
Is 829034233 a prime number?
True
Is 16599108887 composite?
False
Is 16339937099 a prime number?
False
Is 12903910651 a composite number?
False
Is 688261877 a prime number?
True
Is 21239715659 prime?
False
Is 1141962821 a composite number?
False
Is 153170879 prime?
False
Is 203598617 a composite number?
False
Is 2602566487 a prime number?
True
Is 4174936297 prime?
False
Is 3325233077 prime?
True
Is 902846341 composite?
True
Is 63209173 a prime number?
False
Is 38687290399 a prime number?
True
Is 131939679203 composite?
False
Is 192774629 composite?
True
Is 1425364459 a composite number?
True
Is 811044043 composite?
False
Is 172232413 prime?
False
Is 17028114007 a composite number?
True
Is 58685369 a prime number?
True
Is 788392253 a prime number?
False
Is 255117773 a prime number?
True
Is 4293308423 composite?
False
Is 14099187079 a prime number?
False
Is 12417927407 prime?
False
Is 17599782913 prime?
True
Is 317251511 composite?
True
Is 11165228467 a prime number?
False
Is 514407911 prime?
True
Is 1039909301 a composite number?
False
Is 16087187 a composite number?
False
Is 24552533 a composite number?
False
Is 73581368119 a prime number?
False
Is 58735201691 a composite number?
False
Is 700786589 composite?
True
Is 45554746201 composite?
True
Is 2841992789 composite?
True
Is 543202631 a prime number?
True
Is 1671853951 prime?
True
Is 803569421 prime?
True
Is 68133105149 composite?
False
Is 534884243 prime?
False
Is 134286157 prime?
False
Is 1856250269 a prime number?
False
Is 514333333 a composite number?
False
Is 132042780083 composite?
False
Is 44926370677 a prime number?
True
Is 958188019 composite?
True
Is 8022574657 a prime number?
True
Is 267125711 prime?
False
Is 1620178633 prime?
False
Is 4694623411 composite?
True
Is 2148051041 prime?
True
Is 92804497 prime?
True
Is 275254193 a composite number?
True
Is 203641299569 a prime number?
True
Is 408892837 composite?
True
Is 413929511 prime?
False
Is 108294923 a composite nu